{"id":7057,"date":"2021-10-07T10:52:35","date_gmt":"2021-10-07T08:52:35","guid":{"rendered":"http:\/\/lichtforumnrw.de\/Projektseiten\/dark\/?page_id=7057"},"modified":"2021-10-22T19:41:17","modified_gmt":"2021-10-22T17:41:17","slug":"10-schuh-bidu","status":"publish","type":"page","link":"https:\/\/lichtforumnrw.de\/Projektseiten\/dark\/home\/10-schuh-bidu\/","title":{"rendered":"10 &#8211; SCHUH-BIDU"},"content":{"rendered":"<section class=\"l-section wpb_row height_large color_primary with_img with_overlay\" style=\"padding-top: 5px !important;padding-bottom: 5px !important;background-color: #eaeaea !important;\"><div class=\"l-section-img\" style=\"background-image: url(https:\/\/lichtforumnrw.de\/Projektseiten\/dark\/wp-content\/uploads\/sites\/9\/2021\/09\/Logo_dark_2021-weiss.svg);\" data-img-width=\"0\" data-img-height=\"0\"><\/div><div class=\"l-section-overlay\" style=\"background-color: rgba(255,242,0,0.25)\"><\/div><div class=\"l-section-h g-html i-cf\"><div class=\"g-cols offset_small\"><div class=\" one-quarter  vc_custom_1631184738484\"><div class=\"wpb_text_column  vc_custom_1633601689277\"><div class=\"wpb_wrapper\">\n<p style=\"text-align: center;\"><span style=\"color: #de0085;\"><strong><span style=\"font-family: Rajdhani; font-size: 60pt;\">10<\/span><\/strong><\/span><\/p>\n<p><img loading=\"lazy\" class=\"alignnone size-full wp-image-6779 aligncenter\" src=\"http:\/\/lichtforumnrw.de\/Projektseiten\/dark\/wp-content\/uploads\/sites\/9\/2021\/09\/pink-streifen-k.png\" alt=\"\" width=\"88\" height=\"10\" \/><\/div> <\/div> <div class=\"wpb_text_column  vc_custom_1634924470068\"><div class=\"wpb_wrapper\">\n<p style=\"text-align: center;\"><span style=\"font-size: 18pt; font-family: Rajdhani;\"><strong><span style=\"color: #de0085;\">K\u00fcnstler<\/span><br \/>\n<\/strong><\/span><span style=\"color: #000000; font-family: Rajdhani;\"><span style=\"caret-color: #000000;\"><b>Willi B\u00fccking, Malte Kropp<\/b><\/span><\/span><\/p>\n<p style=\"text-align: center;\"><strong><span style=\"font-size: 18pt; font-family: Rajdhani;\"><span style=\"color: #de0085;\">Ort<\/span><br \/>\n<\/span><\/strong><span style=\"color: #000000; font-family: Rajdhani;\"><strong>Gymnasium Laurentianum,<\/strong><br \/>\nHaupteingang<br \/>\nKlosterstra\u00dfe 26<\/span><\/p>\n<\/div> <\/div> <div class=\" vc_custom_1634690286807 ubtn-ctn-center \"><a class=\"ubtn-link ult-adjust-bottom-margin ubtn-center ubtn-small \" href = \"https:\/\/lichtforumnrw.de\/Projektseiten\/dark\/#aussteller\" target='' ><button type=\"button\" id=\"ubtn-8258\" class=\"ubtn ult-adjust-bottom-margin ult-responsive ubtn-small ubtn-no-hover-bg  ulta-grow  ubtn-center   tooltip-69d815e0578ab\"  data-hover=\"#de0085\" data-border-color=\"\" data-bg=\"#de0085\" data-hover-bg=\"#fff200\" data-border-hover=\"\" data-shadow-hover=\"\" data-shadow-click=\"none\" data-shadow=\"\" data-shd-shadow=\"\"  data-ultimate-target='#ubtn-8258'  data-responsive-json-new='{\"font-size\":\"\",\"line-height\":\"\"}'  style=\"font-family:'Rajdhani';font-weight:bold;border:none;background: #de0085;color: #fff200;\"><span class=\"ubtn-data ubtn-icon\"><i class=\"none\" style=\"font-size:12px;color:#de0085;\"><\/i><\/span><span class=\"ubtn-hover\" style=\"background-color:#fff200\"><\/span><span class=\"ubtn-data ubtn-text \" >Zur \u00dcbersicht<\/span><\/button><\/a><\/div><div class=\" vc_custom_1634304898634 ubtn-ctn-center \"><a class=\"ubtn-link ult-adjust-bottom-margin ubtn-center ubtn-small \" href = \"#wegbeschreibung\" target='' ><button type=\"button\" id=\"ubtn-5652\" class=\"ubtn ult-adjust-bottom-margin ult-responsive ubtn-small ubtn-no-hover-bg  ulta-grow  ubtn-center   tooltip-69d815e057960\"  data-hover=\"#fff200\" data-border-color=\"\" data-bg=\"#fff200\" data-hover-bg=\"#de0085\" data-border-hover=\"\" data-shadow-hover=\"\" data-shadow-click=\"none\" data-shadow=\"\" data-shd-shadow=\"\"  data-ultimate-target='#ubtn-5652'  data-responsive-json-new='{\"font-size\":\"\",\"line-height\":\"\"}'  style=\"font-family:'Rajdhani';font-weight:bold;border:none;background: #fff200;color: #de0085;\"><span class=\"ubtn-data ubtn-icon\"><i class=\"none\" style=\"font-size:12px;color:#de0085;\"><\/i><\/span><span class=\"ubtn-hover\" style=\"background-color:#de0085\"><\/span><span class=\"ubtn-data ubtn-text \" >STANDORT<\/span><\/button><\/a><\/div><\/div><div class=\" one-half  vc_custom_1631010673236\"><div class=\"wpb_text_column  vc_custom_1633601708069\"><div class=\"wpb_wrapper\"><span style=\"color: #de0085; font-size: 36pt;\"><strong><span style=\"font-family: Rajdhani;\">SCHUH-BIDU<\/span><\/strong><\/span><\/div> <\/div> <div class=\"wpb_text_column  vc_custom_1633707527521\"><div class=\"wpb_wrapper\"><span style=\"color: #000000; font-family: 'Open Sans'; font-size: 14pt;\">Das Schuh-bidu ist ein interaktiver Raum zur Klang- und Bildsynthese. Spielerisch kann mit einem digital simulierten Schwarm interagiert werden, der \u00fcber Projektionen visuell sowie \u00fcber Lautsprecher akustisch repr\u00e4sentiert ist. Dabei erzeugt der Input der Besucher*Innen Verhaltens\u00e4nderungen, die wiederum zur Modifikation des eigenen Handelns anregen. Interaktion entsteht damit auch zwischen den Menschen selbst, die kollaborativ mit der Maschine oder gegen sie arbeiten k\u00f6nnen. Dabei ist der Computer in seiner Wahrnehmung eingeschr\u00e4nkt. Diese blinden Flecken k\u00f6nnen erforscht und ausgenutzt oder aber wohlwollend umgangen werden. Ein Spiel mit Farben und Ger\u00e4uschen, das sich selbst genug ist.<\/p>\n<p>Grundlage des Schuh-bidu sind die F\u00fc\u00dfe des Publikums. Deren Position auf dem Boden wird mithilfe von Lidar-Systemen analysiert und zu Steuerbefehlen f\u00fcr digital generierte audiovisuelle Schwarmsimulationen formuliert.<\/span><\/div> <\/div> <div class=\"w-image \"><img width=\"1024\" height=\"768\" src=\"https:\/\/lichtforumnrw.de\/Projektseiten\/dark\/wp-content\/uploads\/sites\/9\/2021\/10\/10_Schuhbidu-k-1024x768.jpg\" class=\"attachment-large size-large\" alt=\"\" loading=\"lazy\" srcset=\"https:\/\/lichtforumnrw.de\/Projektseiten\/dark\/wp-content\/uploads\/sites\/9\/2021\/10\/10_Schuhbidu-k-1024x768.jpg 1024w, https:\/\/lichtforumnrw.de\/Projektseiten\/dark\/wp-content\/uploads\/sites\/9\/2021\/10\/10_Schuhbidu-k-300x225.jpg 300w, https:\/\/lichtforumnrw.de\/Projektseiten\/dark\/wp-content\/uploads\/sites\/9\/2021\/10\/10_Schuhbidu-k-768x576.jpg 768w, https:\/\/lichtforumnrw.de\/Projektseiten\/dark\/wp-content\/uploads\/sites\/9\/2021\/10\/10_Schuhbidu-k-600x450.jpg 600w, https:\/\/lichtforumnrw.de\/Projektseiten\/dark\/wp-content\/uploads\/sites\/9\/2021\/10\/10_Schuhbidu-k.jpg 1500w\" sizes=\"(max-width: 1024px) 100vw, 1024px\" \/><\/div><\/div><\/div><\/div><\/section><!-- Row Backgrounds --><div class=\"upb_color\" data-bg-override=\"0\" data-bg-color=\"#fff200\" data-fadeout=\"\" data-fadeout-percentage=\"30\" data-parallax-content=\"\" data-parallax-content-sense=\"30\" data-row-effect-mobile-disable=\"true\" data-img-parallax-mobile-disable=\"true\" data-rtl=\"false\"  data-custom-vc-row=\"\"  data-vc=\"4.12\"  data-is_old_vc=\"\"  data-theme-support=\"\"   data-overlay=\"false\" data-overlay-color=\"\" data-overlay-pattern=\"\" data-overlay-pattern-opacity=\"\" data-overlay-pattern-size=\"\"    ><\/div><section class=\"l-section wpb_row height_auto\"><div class=\"l-section-h g-html i-cf\"><div class=\"g-cols offset_small\"><div class=\" one-third\"><div class=\"vc_empty_space\"  style=\"height: 32px\" ><span class=\"vc_empty_space_inner\"><\/span><\/div>\n<div class=\"wpb_text_column  vc_custom_1634304910573\"><div class=\"wpb_wrapper\">\n<h1 id=\"wegbeschreibung\"><span style=\"font-family: Rajdhani; font-size: 24pt;\"><span style=\"color: #de0085;\"><strong>STANDORT<\/strong><\/span><\/span><\/h1>\n<p>Haupteingang Gymnasium Laurentianum<\/div> <\/div> <\/div><div class=\" one-third  vc_custom_1631187342023\"><\/div><\/div><\/div><\/section><!-- Row Backgrounds --><div class=\"upb_color\" data-bg-override=\"0\" data-bg-color=\"#ffffff\" data-fadeout=\"\" data-fadeout-percentage=\"30\" data-parallax-content=\"\" data-parallax-content-sense=\"30\" data-row-effect-mobile-disable=\"true\" data-img-parallax-mobile-disable=\"true\" data-rtl=\"false\"  data-custom-vc-row=\"\"  data-vc=\"4.12\"  data-is_old_vc=\"\"  data-theme-support=\"\"   data-overlay=\"false\" data-overlay-color=\"\" data-overlay-pattern=\"\" data-overlay-pattern-opacity=\"\" data-overlay-pattern-size=\"\"    ><\/div><section class=\"l-section wpb_row height_medium\"><div class=\"l-section-h g-html i-cf\"><div class=\"g-cols offset_small\"><div class=\" full-width\"><div class=\"wpb_text_column  vc_custom_1633615348736\"><div class=\"wpb_wrapper\"><iframe loading=\"lazy\" src=\"https:\/\/www.google.com\/maps\/d\/embed?mid=13Ies32kPv88OMvZyAWNnQztcg52RlfeZ\" width=\"900\" height=\"600\"><\/iframe><\/div> <\/div> <\/div><\/div><\/div><\/section><!-- Row Backgrounds --><div class=\"upb_color\" data-bg-override=\"0\" data-bg-color=\"\" data-fadeout=\"\" data-fadeout-percentage=\"30\" data-parallax-content=\"\" data-parallax-content-sense=\"30\" data-row-effect-mobile-disable=\"true\" data-img-parallax-mobile-disable=\"true\" data-rtl=\"false\"  data-custom-vc-row=\"\"  data-vc=\"4.12\"  data-is_old_vc=\"\"  data-theme-support=\"\"   data-overlay=\"false\" data-overlay-color=\"\" data-overlay-pattern=\"\" data-overlay-pattern-opacity=\"\" data-overlay-pattern-size=\"\"    ><\/div><section class=\"l-section wpb_row height_medium\"><div class=\"l-section-h g-html i-cf\"><div class=\"g-cols offset_small\"><div class=\" full-width\"><\/div><\/div><\/div><\/section>\n","protected":false},"excerpt":{"rendered":"10 K\u00fcnstler Willi B\u00fccking, Malte Kropp Ort Gymnasium Laurentianum, Haupteingang Klosterstra\u00dfe 26 Zur \u00dcbersichtSTANDORTSCHUH-BIDU Das Schuh-bidu ist ein interaktiver Raum zur Klang- und Bildsynthese. Spielerisch kann mit...","protected":false},"author":1,"featured_media":0,"parent":5687,"menu_order":0,"comment_status":"closed","ping_status":"closed","template":"","meta":{"spay_email":""},"jetpack_sharing_enabled":true,"jetpack_shortlink":"https:\/\/wp.me\/P7Qre3-1PP","_links":{"self":[{"href":"https:\/\/lichtforumnrw.de\/Projektseiten\/dark\/wp-json\/wp\/v2\/pages\/7057"}],"collection":[{"href":"https:\/\/lichtforumnrw.de\/Projektseiten\/dark\/wp-json\/wp\/v2\/pages"}],"about":[{"href":"https:\/\/lichtforumnrw.de\/Projektseiten\/dark\/wp-json\/wp\/v2\/types\/page"}],"author":[{"embeddable":true,"href":"https:\/\/lichtforumnrw.de\/Projektseiten\/dark\/wp-json\/wp\/v2\/users\/1"}],"replies":[{"embeddable":true,"href":"https:\/\/lichtforumnrw.de\/Projektseiten\/dark\/wp-json\/wp\/v2\/comments?post=7057"}],"version-history":[{"count":15,"href":"https:\/\/lichtforumnrw.de\/Projektseiten\/dark\/wp-json\/wp\/v2\/pages\/7057\/revisions"}],"predecessor-version":[{"id":7272,"href":"https:\/\/lichtforumnrw.de\/Projektseiten\/dark\/wp-json\/wp\/v2\/pages\/7057\/revisions\/7272"}],"up":[{"embeddable":true,"href":"https:\/\/lichtforumnrw.de\/Projektseiten\/dark\/wp-json\/wp\/v2\/pages\/5687"}],"wp:attachment":[{"href":"https:\/\/lichtforumnrw.de\/Projektseiten\/dark\/wp-json\/wp\/v2\/media?parent=7057"}],"curies":[{"name":"wp","href":"https:\/\/api.w.org\/{rel}","templated":true}]}}