{"id":7060,"date":"2021-10-07T10:53:08","date_gmt":"2021-10-07T08:53:08","guid":{"rendered":"http:\/\/lichtforumnrw.de\/Projektseiten\/dark\/?page_id=7060"},"modified":"2021-10-21T12:11:24","modified_gmt":"2021-10-21T10:11:24","slug":"6-future-sound-of-sauerland","status":"publish","type":"page","link":"https:\/\/lichtforumnrw.de\/Projektseiten\/dark\/home\/6-future-sound-of-sauerland\/","title":{"rendered":"6 &#8211; FUTURE SOUND OF SAUERLAND"},"content":{"rendered":"<section class=\"l-section wpb_row height_large color_primary with_img with_overlay\" style=\"padding-top: 5px !important;padding-bottom: 5px !important;background-color: #eaeaea !important;\"><div class=\"l-section-img\" style=\"background-image: url(https:\/\/lichtforumnrw.de\/Projektseiten\/dark\/wp-content\/uploads\/sites\/9\/2021\/09\/Logo_dark_2021-weiss.svg);\" data-img-width=\"0\" data-img-height=\"0\"><\/div><div class=\"l-section-overlay\" style=\"background-color: rgba(255,242,0,0.25)\"><\/div><div class=\"l-section-h g-html i-cf\"><div class=\"g-cols offset_small\"><div class=\" one-quarter  vc_custom_1631184738484\"><div class=\"wpb_text_column  vc_custom_1633600880191\"><div class=\"wpb_wrapper\">\n<p style=\"text-align: center;\"><span style=\"color: #de0085;\"><strong><span style=\"font-family: Rajdhani; font-size: 60pt;\">6<\/span><\/strong><\/span><\/p>\n<p><img loading=\"lazy\" class=\"alignnone size-full wp-image-6779 aligncenter\" src=\"http:\/\/lichtforumnrw.de\/Projektseiten\/dark\/wp-content\/uploads\/sites\/9\/2021\/09\/pink-streifen-k.png\" alt=\"\" width=\"88\" height=\"10\" \/><\/div> <\/div> <div class=\"wpb_text_column  vc_custom_1633600968991\"><div class=\"wpb_wrapper\">\n<p style=\"text-align: center;\"><span style=\"font-size: 18pt; font-family: Rajdhani;\"><strong><span style=\"color: #de0085;\">K\u00fcnstler<\/span><br \/>\n<\/strong><\/span><span style=\"color: #000000; font-family: Rajdhani;\"><span style=\"caret-color: #000000;\"><strong>Boris Chimp 504<\/strong><br \/>\nMiguel Neto, Rodrigo Carvalho<br \/>\n<\/span><\/span><\/p>\n<p style=\"text-align: center;\"><strong><span style=\"font-size: 18pt; font-family: Rajdhani;\"><span style=\"color: #de0085;\">Ort<\/span><br \/>\n<\/span><\/strong><span style=\"color: #000000; font-family: Rajdhani;\"><strong>Sauerlandtheater<\/strong><br \/>\nFeauxweg 9<\/span><\/p>\n<\/div> <\/div> <div class=\" vc_custom_1634689849292 ubtn-ctn-center \"><a class=\"ubtn-link ult-adjust-bottom-margin ubtn-center ubtn-small \" href = \"https:\/\/lichtforumnrw.de\/Projektseiten\/dark\/#aussteller\" target='' ><button type=\"button\" id=\"ubtn-8994\" class=\"ubtn ult-adjust-bottom-margin ult-responsive ubtn-small ubtn-no-hover-bg  ulta-grow  ubtn-center   tooltip-69eee4fbdb7de\"  data-hover=\"#de0085\" data-border-color=\"\" data-bg=\"#de0085\" data-hover-bg=\"#fff200\" data-border-hover=\"\" data-shadow-hover=\"\" data-shadow-click=\"none\" data-shadow=\"\" data-shd-shadow=\"\"  data-ultimate-target='#ubtn-8994'  data-responsive-json-new='{\"font-size\":\"\",\"line-height\":\"\"}'  style=\"font-family:'Rajdhani';font-weight:bold;border:none;background: #de0085;color: #fff200;\"><span class=\"ubtn-data ubtn-icon\"><i class=\"none\" style=\"font-size:12px;color:#de0085;\"><\/i><\/span><span class=\"ubtn-hover\" style=\"background-color:#fff200\"><\/span><span class=\"ubtn-data ubtn-text \" >Zur \u00dcbersicht<\/span><\/button><\/a><\/div><div class=\" vc_custom_1634304612063 ubtn-ctn-center \"><a class=\"ubtn-link ult-adjust-bottom-margin ubtn-center ubtn-small \" href = \"#wegbeschreibung\" target='' ><button type=\"button\" id=\"ubtn-7258\" class=\"ubtn ult-adjust-bottom-margin ult-responsive ubtn-small ubtn-no-hover-bg  ulta-grow  ubtn-center   tooltip-69eee4fbdb8bd\"  data-hover=\"#fff200\" data-border-color=\"\" data-bg=\"#fff200\" data-hover-bg=\"#de0085\" data-border-hover=\"\" data-shadow-hover=\"\" data-shadow-click=\"none\" data-shadow=\"\" data-shd-shadow=\"\"  data-ultimate-target='#ubtn-7258'  data-responsive-json-new='{\"font-size\":\"\",\"line-height\":\"\"}'  style=\"font-family:'Rajdhani';font-weight:bold;border:none;background: #fff200;color: #de0085;\"><span class=\"ubtn-data ubtn-icon\"><i class=\"none\" style=\"font-size:12px;color:#de0085;\"><\/i><\/span><span class=\"ubtn-hover\" style=\"background-color:#de0085\"><\/span><span class=\"ubtn-data ubtn-text \" >STANDORT<\/span><\/button><\/a><\/div><\/div><div class=\" one-half  vc_custom_1631010673236\"><div class=\"wpb_text_column  vc_custom_1633600893325\"><div class=\"wpb_wrapper\"><span style=\"color: #de0085; font-size: 36pt;\"><strong><span style=\"font-family: Rajdhani;\">FUTURE SOUND OF SAUERLAND<\/span><\/strong><\/span><\/div> <\/div> <div class=\"wpb_text_column  vc_custom_1634811076449\"><div class=\"wpb_wrapper\"><span style=\"color: #000000; font-family: 'Open Sans'; font-size: 14pt;\">Wie wird sich das Sauerland in 10, 20 oder 50 Jahren anh\u00f6ren? Was wird sich in der Zukunft \u00e4ndern? In einen dunklen Raum gelockt, werden die Zuschauer bei dieser audio-visuellen Installation die charakteristischen T\u00f6ne ihrer gewohnten Umgebung h\u00f6ren. W\u00e4hrend sie den Raum erkunden, k\u00f6nnen sich Ver\u00e4nderungen in diesen T\u00f6nen ergeben. K\u00f6nnten dies T\u00f6ne aus der Zukunft sein? Oder k\u00f6nnten die neuen T\u00f6ne die Zukunft des Sauerlandes formen? <\/span><\/p>\n<p><span style=\"color: #000000; font-family: 'Open Sans'; font-size: 14pt;\">F\u00fcr seiner Arbeit &#8222;Future Sound of Sauerland&#8220; bereiste der K\u00fcnstler verschiedene Orte im Sauerland, so dass T\u00f6ne und Bilder von Orten zwischen Sundern, R\u00fcthen, Neheim, Meschede und Brilon verarbeitet wurden.<\/span><\/div> <\/div> <div class=\"w-image \"><img width=\"1000\" height=\"580\" src=\"https:\/\/lichtforumnrw.de\/Projektseiten\/dark\/wp-content\/uploads\/sites\/9\/2021\/10\/6_FutureSoundOfSauerland-k.jpg\" class=\"attachment-large size-large\" alt=\"\" loading=\"lazy\" srcset=\"https:\/\/lichtforumnrw.de\/Projektseiten\/dark\/wp-content\/uploads\/sites\/9\/2021\/10\/6_FutureSoundOfSauerland-k.jpg 1000w, https:\/\/lichtforumnrw.de\/Projektseiten\/dark\/wp-content\/uploads\/sites\/9\/2021\/10\/6_FutureSoundOfSauerland-k-300x174.jpg 300w, https:\/\/lichtforumnrw.de\/Projektseiten\/dark\/wp-content\/uploads\/sites\/9\/2021\/10\/6_FutureSoundOfSauerland-k-768x445.jpg 768w, https:\/\/lichtforumnrw.de\/Projektseiten\/dark\/wp-content\/uploads\/sites\/9\/2021\/10\/6_FutureSoundOfSauerland-k-600x348.jpg 600w\" sizes=\"(max-width: 1000px) 100vw, 1000px\" \/><\/div><\/div><\/div><\/div><\/section><!-- Row Backgrounds --><div class=\"upb_color\" data-bg-override=\"0\" data-bg-color=\"#fff200\" data-fadeout=\"\" data-fadeout-percentage=\"30\" data-parallax-content=\"\" data-parallax-content-sense=\"30\" data-row-effect-mobile-disable=\"true\" data-img-parallax-mobile-disable=\"true\" data-rtl=\"false\"  data-custom-vc-row=\"\"  data-vc=\"4.12\"  data-is_old_vc=\"\"  data-theme-support=\"\"   data-overlay=\"false\" data-overlay-color=\"\" data-overlay-pattern=\"\" data-overlay-pattern-opacity=\"\" data-overlay-pattern-size=\"\"    ><\/div><section class=\"l-section wpb_row height_auto\"><div class=\"l-section-h g-html i-cf\"><div class=\"g-cols offset_small\"><div class=\" one-third\"><div class=\"vc_empty_space\"  style=\"height: 32px\" ><span class=\"vc_empty_space_inner\"><\/span><\/div>\n<div class=\"wpb_text_column  vc_custom_1634304626726\"><div class=\"wpb_wrapper\">\n<h1 id=\"wegbeschreibung\"><span style=\"font-family: Rajdhani; font-size: 24pt;\"><span style=\"color: #de0085;\"><strong>STANDORT<\/strong><\/span><\/span><\/h1>\n<p>Sauerlandtheater<\/div> <\/div> <\/div><div class=\" one-third  vc_custom_1631187342023\"><\/div><\/div><\/div><\/section><!-- Row Backgrounds --><div class=\"upb_color\" data-bg-override=\"0\" data-bg-color=\"#ffffff\" data-fadeout=\"\" data-fadeout-percentage=\"30\" data-parallax-content=\"\" data-parallax-content-sense=\"30\" data-row-effect-mobile-disable=\"true\" data-img-parallax-mobile-disable=\"true\" data-rtl=\"false\"  data-custom-vc-row=\"\"  data-vc=\"4.12\"  data-is_old_vc=\"\"  data-theme-support=\"\"   data-overlay=\"false\" data-overlay-color=\"\" data-overlay-pattern=\"\" data-overlay-pattern-opacity=\"\" data-overlay-pattern-size=\"\"    ><\/div><section class=\"l-section wpb_row height_medium\"><div class=\"l-section-h g-html i-cf\"><div class=\"g-cols offset_small\"><div class=\" full-width\"><div class=\"wpb_text_column  vc_custom_1633615103459\"><div class=\"wpb_wrapper\"><iframe loading=\"lazy\" src=\"https:\/\/www.google.com\/maps\/d\/embed?mid=1v-emhyQamX7NZx6hvr1Sx9D0sN0fotXa\" width=\"900\" height=\"600\"><\/iframe><\/div> <\/div> <\/div><\/div><\/div><\/section><!-- Row Backgrounds --><div class=\"upb_color\" data-bg-override=\"0\" data-bg-color=\"\" data-fadeout=\"\" data-fadeout-percentage=\"30\" data-parallax-content=\"\" data-parallax-content-sense=\"30\" data-row-effect-mobile-disable=\"true\" data-img-parallax-mobile-disable=\"true\" data-rtl=\"false\"  data-custom-vc-row=\"\"  data-vc=\"4.12\"  data-is_old_vc=\"\"  data-theme-support=\"\"   data-overlay=\"false\" data-overlay-color=\"\" data-overlay-pattern=\"\" data-overlay-pattern-opacity=\"\" data-overlay-pattern-size=\"\"    ><\/div><section class=\"l-section wpb_row height_medium\"><div class=\"l-section-h g-html i-cf\"><div class=\"g-cols offset_small\"><div class=\" full-width\"><\/div><\/div><\/div><\/section>\n","protected":false},"excerpt":{"rendered":"6 K\u00fcnstler Boris Chimp 504 Miguel Neto, Rodrigo Carvalho Ort Sauerlandtheater Feauxweg 9 Zur \u00dcbersichtSTANDORTFUTURE SOUND OF SAUERLAND Wie wird sich das Sauerland in 10, 20 oder...","protected":false},"author":1,"featured_media":0,"parent":5687,"menu_order":0,"comment_status":"closed","ping_status":"closed","template":"","meta":{"spay_email":""},"jetpack_sharing_enabled":true,"jetpack_shortlink":"https:\/\/wp.me\/P7Qre3-1PS","_links":{"self":[{"href":"https:\/\/lichtforumnrw.de\/Projektseiten\/dark\/wp-json\/wp\/v2\/pages\/7060"}],"collection":[{"href":"https:\/\/lichtforumnrw.de\/Projektseiten\/dark\/wp-json\/wp\/v2\/pages"}],"about":[{"href":"https:\/\/lichtforumnrw.de\/Projektseiten\/dark\/wp-json\/wp\/v2\/types\/page"}],"author":[{"embeddable":true,"href":"https:\/\/lichtforumnrw.de\/Projektseiten\/dark\/wp-json\/wp\/v2\/users\/1"}],"replies":[{"embeddable":true,"href":"https:\/\/lichtforumnrw.de\/Projektseiten\/dark\/wp-json\/wp\/v2\/comments?post=7060"}],"version-history":[{"count":8,"href":"https:\/\/lichtforumnrw.de\/Projektseiten\/dark\/wp-json\/wp\/v2\/pages\/7060\/revisions"}],"predecessor-version":[{"id":7264,"href":"https:\/\/lichtforumnrw.de\/Projektseiten\/dark\/wp-json\/wp\/v2\/pages\/7060\/revisions\/7264"}],"up":[{"embeddable":true,"href":"https:\/\/lichtforumnrw.de\/Projektseiten\/dark\/wp-json\/wp\/v2\/pages\/5687"}],"wp:attachment":[{"href":"https:\/\/lichtforumnrw.de\/Projektseiten\/dark\/wp-json\/wp\/v2\/media?parent=7060"}],"curies":[{"name":"wp","href":"https:\/\/api.w.org\/{rel}","templated":true}]}}

<section class="l-section wpb_row height_large color_primary with_img with_overlay" style="padding-top: 5px !important;padding-bottom: 5px !important;background-color: #eaeaea !important;"><div class="l-section-img" style="background-image: url(https://lichtforumnrw.de/Projektseiten/dark/wp-content/uploads/sites/9/2021/09/Logo_dark_2021-weiss.svg);" data-img-width="0" data-img-height="0"></div><div class="l-section-overlay" style="background-color: rgba(255,242,0,0.25)"></div><div class="l-section-h g-html i-cf"><div class="g-cols offset_small"><div class=" one-quarter  vc_custom_1631184738484"><div class="wpb_text_column  vc_custom_1633600880191"><div class="wpb_wrapper">
<p style="text-align: center;"><span style="color: #de0085;"><strong><span style="font-family: Rajdhani; font-size: 60pt;">6</span></strong></span></p>
<p><img loading="lazy" class="alignnone size-full wp-image-6779 aligncenter" src="http://lichtforumnrw.de/Projektseiten/dark/wp-content/uploads/sites/9/2021/09/pink-streifen-k.png" alt="" width="88" height="10" /></div> </div> <div class="wpb_text_column  vc_custom_1633600968991"><div class="wpb_wrapper">
<p style="text-align: center;"><span style="font-size: 18pt; font-family: Rajdhani;"><strong><span style="color: #de0085;">Künstler</span><br />
</strong></span><span style="color: #000000; font-family: Rajdhani;"><span style="caret-color: #000000;"><strong>Boris Chimp 504</strong><br />
Miguel Neto, Rodrigo Carvalho<br />
</span></span></p>
<p style="text-align: center;"><strong><span style="font-size: 18pt; font-family: Rajdhani;"><span style="color: #de0085;">Ort</span><br />
</span></strong><span style="color: #000000; font-family: Rajdhani;"><strong>Sauerlandtheater</strong><br />
Feauxweg 9</span></p>
</div> </div> <div class=" vc_custom_1634689849292 ubtn-ctn-center "><a class="ubtn-link ult-adjust-bottom-margin ubtn-center ubtn-small " href = "https://lichtforumnrw.de/Projektseiten/dark/#aussteller" target='' ><button type="button" id="ubtn-8994" class="ubtn ult-adjust-bottom-margin ult-responsive ubtn-small ubtn-no-hover-bg  ulta-grow  ubtn-center   tooltip-69eee4fbdb7de"  data-hover="#de0085" data-border-color="" data-bg="#de0085" data-hover-bg="#fff200" data-border-hover="" data-shadow-hover="" data-shadow-click="none" data-shadow="" data-shd-shadow=""  data-ultimate-target='#ubtn-8994'  data-responsive-json-new='{"font-size":"","line-height":""}'  style="font-family:'Rajdhani';font-weight:bold;border:none;background: #de0085;color: #fff200;"><span class="ubtn-data ubtn-icon"><i class="none" style="font-size:12px;color:#de0085;"></i></span><span class="ubtn-hover" style="background-color:#fff200"></span><span class="ubtn-data ubtn-text " >Zur Übersicht</span></button></a></div><div class=" vc_custom_1634304612063 ubtn-ctn-center "><a class="ubtn-link ult-adjust-bottom-margin ubtn-center ubtn-small " href = "#wegbeschreibung" target='' ><button type="button" id="ubtn-7258" class="ubtn ult-adjust-bottom-margin ult-responsive ubtn-small ubtn-no-hover-bg  ulta-grow  ubtn-center   tooltip-69eee4fbdb8bd"  data-hover="#fff200" data-border-color="" data-bg="#fff200" data-hover-bg="#de0085" data-border-hover="" data-shadow-hover="" data-shadow-click="none" data-shadow="" data-shd-shadow=""  data-ultimate-target='#ubtn-7258'  data-responsive-json-new='{"font-size":"","line-height":""}'  style="font-family:'Rajdhani';font-weight:bold;border:none;background: #fff200;color: #de0085;"><span class="ubtn-data ubtn-icon"><i class="none" style="font-size:12px;color:#de0085;"></i></span><span class="ubtn-hover" style="background-color:#de0085"></span><span class="ubtn-data ubtn-text " >STANDORT</span></button></a></div></div><div class=" one-half  vc_custom_1631010673236"><div class="wpb_text_column  vc_custom_1633600893325"><div class="wpb_wrapper"><span style="color: #de0085; font-size: 36pt;"><strong><span style="font-family: Rajdhani;">FUTURE SOUND OF SAUERLAND</span></strong></span></div> </div> <div class="wpb_text_column  vc_custom_1634811076449"><div class="wpb_wrapper"><span style="color: #000000; font-family: 'Open Sans'; font-size: 14pt;">Wie wird sich das Sauerland in 10, 20 oder 50 Jahren anhören? Was wird sich in der Zukunft ändern? In einen dunklen Raum gelockt, werden die Zuschauer bei dieser audio-visuellen Installation die charakteristischen Töne ihrer gewohnten Umgebung hören. Während sie den Raum erkunden, können sich Veränderungen in diesen Tönen ergeben. Könnten dies Töne aus der Zukunft sein? Oder könnten die neuen Töne die Zukunft des Sauerlandes formen? </span></p>
<p><span style="color: #000000; font-family: 'Open Sans'; font-size: 14pt;">Für seiner Arbeit &#8222;Future Sound of Sauerland&#8220; bereiste der Künstler verschiedene Orte im Sauerland, so dass Töne und Bilder von Orten zwischen Sundern, Rüthen, Neheim, Meschede und Brilon verarbeitet wurden.</span></div> </div> <div class="w-image "><img width="1000" height="580" src="https://lichtforumnrw.de/Projektseiten/dark/wp-content/uploads/sites/9/2021/10/6_FutureSoundOfSauerland-k.jpg" class="attachment-large size-large" alt="" loading="lazy" srcset="https://lichtforumnrw.de/Projektseiten/dark/wp-content/uploads/sites/9/2021/10/6_FutureSoundOfSauerland-k.jpg 1000w, https://lichtforumnrw.de/Projektseiten/dark/wp-content/uploads/sites/9/2021/10/6_FutureSoundOfSauerland-k-300x174.jpg 300w, https://lichtforumnrw.de/Projektseiten/dark/wp-content/uploads/sites/9/2021/10/6_FutureSoundOfSauerland-k-768x445.jpg 768w, https://lichtforumnrw.de/Projektseiten/dark/wp-content/uploads/sites/9/2021/10/6_FutureSoundOfSauerland-k-600x348.jpg 600w" sizes="(max-width: 1000px) 100vw, 1000px" /></div></div></div></div></section><!-- Row Backgrounds --><div class="upb_color" data-bg-override="0" data-bg-color="#fff200" data-fadeout="" data-fadeout-percentage="30" data-parallax-content="" data-parallax-content-sense="30" data-row-effect-mobile-disable="true" data-img-parallax-mobile-disable="true" data-rtl="false"  data-custom-vc-row=""  data-vc="4.12"  data-is_old_vc=""  data-theme-support=""   data-overlay="false" data-overlay-color="" data-overlay-pattern="" data-overlay-pattern-opacity="" data-overlay-pattern-size=""    ></div><section class="l-section wpb_row height_auto"><div class="l-section-h g-html i-cf"><div class="g-cols offset_small"><div class=" one-third"><div class="vc_empty_space"  style="height: 32px" ><span class="vc_empty_space_inner"></span></div>
<div class="wpb_text_column  vc_custom_1634304626726"><div class="wpb_wrapper">
<h1 id="wegbeschreibung"><span style="font-family: Rajdhani; font-size: 24pt;"><span style="color: #de0085;"><strong>STANDORT</strong></span></span></h1>
<p>Sauerlandtheater</div> </div> </div><div class=" one-third  vc_custom_1631187342023"></div></div></div></section><!-- Row Backgrounds --><div class="upb_color" data-bg-override="0" data-bg-color="#ffffff" data-fadeout="" data-fadeout-percentage="30" data-parallax-content="" data-parallax-content-sense="30" data-row-effect-mobile-disable="true" data-img-parallax-mobile-disable="true" data-rtl="false"  data-custom-vc-row=""  data-vc="4.12"  data-is_old_vc=""  data-theme-support=""   data-overlay="false" data-overlay-color="" data-overlay-pattern="" data-overlay-pattern-opacity="" data-overlay-pattern-size=""    ></div><section class="l-section wpb_row height_medium"><div class="l-section-h g-html i-cf"><div class="g-cols offset_small"><div class=" full-width"><div class="wpb_text_column  vc_custom_1633615103459"><div class="wpb_wrapper"><iframe loading="lazy" src="https://www.google.com/maps/d/embed?mid=1v-emhyQamX7NZx6hvr1Sx9D0sN0fotXa" width="900" height="600"></iframe></div> </div> </div></div></div></section><!-- Row Backgrounds --><div class="upb_color" data-bg-override="0" data-bg-color="" data-fadeout="" data-fadeout-percentage="30" data-parallax-content="" data-parallax-content-sense="30" data-row-effect-mobile-disable="true" data-img-parallax-mobile-disable="true" data-rtl="false"  data-custom-vc-row=""  data-vc="4.12"  data-is_old_vc=""  data-theme-support=""   data-overlay="false" data-overlay-color="" data-overlay-pattern="" data-overlay-pattern-opacity="" data-overlay-pattern-size=""    ></div><section class="l-section wpb_row height_medium"><div class="l-section-h g-html i-cf"><div class="g-cols offset_small"><div class=" full-width"></div></div></div></section>

6 Künstler Boris Chimp 504 Miguel Neto, Rodrigo Carvalho Ort Sauerlandtheater Feauxweg 9 Zur ÜbersichtSTANDORTFUTURE SOUND OF SAUERLAND Wie wird sich das Sauerland in 10, 20 oder...
